{"id":7,"date":"2017-04-03T09:08:35","date_gmt":"2017-04-03T09:08:35","guid":{"rendered":"http:\/\/j2s.xyz\/?page_id=2"},"modified":"2017-04-03T09:08:35","modified_gmt":"2017-04-03T09:08:35","slug":"about","status":"publish","type":"page","link":"https:\/\/j2s.xyz\/","title":{"rendered":"Un DISCORD pour les joueur\u00b7se\u00b7s !"},"content":{"rendered":"<p>Des joueur\u00b7se\u00b7s francophones, auteur\u00b7ice\u00b7s, \u00e9diteur\u00b7ice\u00b7s, journalistes, blogueur\u00b7se\u00b7s et podcasteur\u00b7se\u00b7s, amateur\u00b7ice\u00b7s de <strong>jeux de soci\u00e9t\u00e9 modernes<\/strong>, se regroupent pour discuter toute la journ\u00e9e sur un <strong>serveur DISCORD<\/strong> d\u00e9di\u00e9.<\/p>\n<p align=\"center\"><a class=\"j2s-link\" href=\"http:\/\/discordapp.com\/invite\/KJR53yM\"><strong>Rejoignez-nous !<\/strong><\/a><\/p>\n<p><strong>DISCORD<\/strong> est un \u00e9quivalent moderne et multi-plateforme des tchats IRC.<\/p>\n<p><strong>#J2S<\/strong> est le hashtag choisi par la communaut\u00e9 Twitter francophone pour parler de <strong>Jeux De Soci\u00e9t\u00e9<\/strong> (#JdS \u00e9tait d\u00e9j\u00e0 pris).<\/p>\n<p>Notre serveur accueille \u00e9galement la communaut\u00e9 <a href=\"https:\/\/ludovox.fr\/\">Ludovox<\/a>.<img loading=\"lazy\" decoding=\"async\" class=\"aligncenter size-full wp-image-128\" src=\"http:\/\/j2s.xyz\/wp-content\/uploads\/2019\/11\/Logo_fond_blanc-HOME-V2.png\" alt=\"Ludovox La Voix Des Joueurs\" width=\"2245\" height=\"650\" \/><\/p>\n","protected":false},"excerpt":{"rendered":"<p>Des joueur\u00b7se\u00b7s francophones, auteur\u00b7ice\u00b7s, \u00e9diteur\u00b7ice\u00b7s, journalistes, blogueur\u00b7se\u00b7s et podcasteur\u00b7se\u00b7s, amateur\u00b7ice\u00b7s de jeux de soci\u00e9t\u00e9 modernes, se regroupent pour discuter toute la journ\u00e9e sur un serveur DISCORD d\u00e9di\u00e9. Rejoignez-nous ! DISCORD est un \u00e9quivalent moderne et multi-plateforme des tchats IRC. #J2S est le hashtag choisi par la communaut\u00e9 Twitter francophone pour parler de Jeux De Soci\u00e9t\u00e9 &hellip; <a href=\"https:\/\/j2s.xyz\/\" class=\"more-link\">Continue reading <span class=\"screen-reader-text\">Un DISCORD pour les joueur\u00b7se\u00b7s !<\/span><\/a><\/p>\n","protected":false},"author":1,"featured_media":0,"parent":0,"menu_order":0,"comment_status":"closed","ping_status":"open","template":"","meta":{"footnotes":""},"class_list":["post-7","page","type-page","status-publish","hentry"],"_links":{"self":[{"href":"https:\/\/j2s.xyz\/index.php\/wp-json\/wp\/v2\/pages\/7","targetHints":{"allow":["GET"]}}],"collection":[{"href":"https:\/\/j2s.xyz\/index.php\/wp-json\/wp\/v2\/pages"}],"about":[{"href":"https:\/\/j2s.xyz\/index.php\/wp-json\/wp\/v2\/types\/page"}],"author":[{"embeddable":true,"href":"https:\/\/j2s.xyz\/index.php\/wp-json\/wp\/v2\/users\/1"}],"replies":[{"embeddable":true,"href":"https:\/\/j2s.xyz\/index.php\/wp-json\/wp\/v2\/comments?post=7"}],"version-history":[{"count":0,"href":"https:\/\/j2s.xyz\/index.php\/wp-json\/wp\/v2\/pages\/7\/revisions"}],"wp:attachment":[{"href":"https:\/\/j2s.xyz\/index.php\/wp-json\/wp\/v2\/media?parent=7"}],"curies":[{"name":"wp","href":"https:\/\/api.w.org\/{rel}","templated":true}]}}